ase 2, what is -10001 + 1011100?
1001011
In base 9, what is -123 - 4?
-127
In base 7, what is 14 - 0?
14
In base 10, what is -3 + 37?
34
In base 8, what is 5 + 162?
167
In base 16, what is -21 - -2?
-1f
In base 6, what is 451 + -1?
450
In base 4, what is 1 - 2000?
-1333
In base 4, what is 1120 + -2?
1112
In base 3, what is -111 + -100?
-211
In base 16, what is 3 + -ab?
-a8
In base 12, what is -4 - 6054?
-6058
In base 4, what is -1 + 212?
211
In base 4, what is 3 - -30211?
30220
In base 15, what is -1 - 31?
-32
In base 3, what is -2 + -112122?
-112201
In base 11, what is -1 - -11?
10
In base 2, what is 1111 + 100?
10011
In base 7, what is -5 - -126?
121
In base 8, what is 15 - 47?
-32
In base 3, what is 1 - 2021?
-2020
In base 7, what is -56 + -203?
-262
In base 12, what is 1 - a51?
-a50
In base 15, what is -4 + db6?
db2
In base 11, what is 0 - 360?
-360
In base 12, what is 1a2 + 8?
1aa
In base 15, what is 5c - 1?
5b
In base 6, what is 124 - 3?
121
In base 3, what is -1 - 1022?
-1100
In base 11, what is -4 - -1796?
1792
In base 3, what is 12022 + 20?
12112
In base 4, what is 1013 - 1112?
-33
In base 4, what is 20121 - 22?
20033
In base 7, what is 20256 + 5?
20264
In base 6, what is 305 + 5?
314
In base 15, what is -351 + 0?
-351
In base 16, what is 2ae2 - 5?
2add
In base 15, what is -78c + -1?
-78d
In base 3, what is 2 + 1100112?
1100121
In base 4, what is -32 + 1?
-31
In base 5, what is 11423 - -3?
11431
In base 6, what is 311 + -2?
305
In base 3, what is -202 - 11112?
-12021
In base 16, what is 5 - 7a?
-75
In base 4, what is -3 + -1033?
-1102
In base 12, what is 2 + 23?
25
In base 13, what is 1 + -27?
-26
In base 15, what is -26 + 28?
2
In base 15, what is 1ec9 + 3?
1ecc
In base 10, what is 9 + -8?
1
In base 15, what is 5 - -c8?
cd
In base 10, what is 17879 - -2?
17881
In base 12, what is 65 + -72?
-9
In base 10, what is -43 + 8?
-35
In base 6, what is 1244 - 5?
1235
In base 4, what is -121001 - -13?
-120322
In base 10, what is 4 - 122?
-118
In base 13, what is -1 - 1b9?
-1ba
In base 10, what is 1 + 2461?
2462
In base 8, what is 5 + -4102?
-4075
In base 13, what is 4 - 2?
2
In base 14, what is 332 - -4?
336
In base 6, what is -3 + 1100?
1053
In base 15, what is 2 - a8?
-a6
In base 11, what is 16a1 + -5?
1697
In base 8, what is -231 + -36?
-267
In base 3, what is 121 + -1101?
-210
In base 3, what is -1122 + 11110?
2211
In base 3, what is 1221 + 12?
2010
In base 5, what is 4 - 4320?
-4311
In base 14, what is -1 - -8d?
8c
In base 13, what is -b80 + 4?
-b79
In base 3, what is 21202000 - 10?
21201220
In base 7, what is -2 + -3?
-5
In base 6, what is 21 - 15?
2
In base 12, what is 15a + -4?
156
In base 11, what is -1a0 - 5?
-1a5
In base 14, what is 1d + -5a1?
-582
In base 4, what is -102 + 12?
-30
In base 2, what is -100 + -11111?
-100011
In base 8, what is 56 + -163?
-105
In base 4, what is -33210 - -12?
-33132
In base 15, what is bb + 2?
bd
In base 8, what is 3 + -3360?
-3355
In base 3, what is -10211 + 22?
-10112
In base 8, what is 5 - -755?
762
In base 5, what is 2 + 14404?
14411
In base 2, what is 1010110010100100 - 11?
1010110010100001
In base 10, what is 2 - 880?
-878
In base 15, what is 0 - c3?
-c3
In base 2, what is -10100111110 - 0?
-10100111110
In base 7, what is 2534 + 32?
2566
In base 9, what is -7 + -66?
-74
In base 16, what is 9d + -15?
88
In base 10, what is 4 + 318?
322
In base 8, what is 502 - 4?
476
In base 7, what is 215 - -6?
224
In base 16, what is -88 - -3?
-85
In base 2, what is -1100010 - -101011?
-110111
In base 16, what is -4 - 10a8?
-10ac
In base 11, what is 0 - -4?
4
In base 11, what is -a96 - -3?
-a93
In base 6, what is -43 + -205?
-252
In base 8, what is 0 - 31?
-31
In base 3, what is 0 + -22221?
-22221
In base 14, what is 16d1 - -4?
16d5
In base 4, what is 1211 + -1?
1210
In base 11, what is 2 - -4967?
4969
In base 6, what is -110224 - 2?
-110230
In base 16, what is -21 - -1?
-20
In base 6, what is -314 + -3?
-321
In base 7, what is 1046 - 1?
1045
In base 15, what is -21 + -d?
-2e
In base 9, what is 586 - 3?
583
In base 11, what is 200 + 3?
203
In base 2, what is 1100101 - 100?
1100001
In base 9, what is 124 - 200?
-65
In base 3, what is 12 + -211?
-122
In base 13, what is -c - 708?
-717
In base 3, what is -1200 - -10?
-1120
In base 12, what is 43 - 9?
36
In base 5, what is -4 + -30430?
-30434
In base 11, what is -3 - -832?
82a
In base 3, what is 1202 - -10?
1212
In base 8, what is 5 + 156?
163
In base 11, what is -7 + -4?
-10
In base 15, what is 1302 - 2?
1300
In base 16, what is 7 - -4f6?
4fd
In base 5, what is 1 + 41040?
41041
In base 4, what is -1 + -2313?
-2320
In base 5, what is 3 - 21200?
-21142
In base 9, what is 202 + -4?
187
In base 15, what is -a + 13?
8
In base 4, what is -21 + 3?
-12
In base 15, what is 44a + 12?
45c
In base 5, what is 3220 - -3?
3223
In base 7, what is -1 - 251?
-252
In base 11, what is 1 + 95?
96
In base 8, what is -1013 + -6?
-1021
In base 11, what is 23 - 3?
20
In base 11, what is 161 - 5?
157
In base 2, what is -101 + -100010111101?
-100011000010
In base 9, what is -14 - 52?
-66
In base 15, what is -4 - -b0?
ab
In base 9, what is -20 - -52?
32
In base 6, what is 13 + -2010?
-1553
In base 15, what is -3 + -188?
-18b
In base 2, what is -1111111 - 1000?
-10000111
In base 11, what is 28 - 7?
21
In base 9, what is -60 - 4?
-64
In base 16, what is -29 + -11?
-3a
In base 6, what is 2 + -5522?
-5520
In base 12, what is -4 + 161?
159
In base 10, what is 1525 - -2?
1527
In base 12, what is b021 + 3?
b024
In base 14, what is 594 + a?
5a0
In base 3, what is 101202 - 120?
101012
In base 16, what is 49 - -3?
4c
In base 15, what is 3 + 38?
3b
In base 14, what is 2 + 157?
159
In base 7, what is -2 + 55?
53
In base 4, what is -32301 + -10?
-32311
In base 15, what is -7e5 - 5?
-7ea
In base 16, what is 5 - -52?
57
In base 7, what is -3421 + 1?
-3420
In base 4, what is 1022 - 3?
1013
In base 10, what is -55 + -19?
-74
In base 10, what is -70 - -124?
54
In base 13, what is -3 + -30?
-33
In base 13, what is 4a4 - -5?
4a9
In base 11, what is 69 + 2?
70
In base 14, what is -414 + 17?
-3db
In base 7, what is 34 - -103?
140
In base 16, what is 6a + 5?
6f
In base 11, what is 0 + -58?
-58
In base 5, what is 4410 - -2?
4412
In base 3, what is -20 - -11020?
11000
In base 12, what is -73 + 4?
-6b
In base 13, what is 1b - -36?
54
In base 12, what is -4319 + 5?
-4314
In base 2, what is -11001 + 0?
-11001
In base 12, what is -14 - -4?
-10
In base 15, what is 9 - 18?
-e
In base 7, what is 1660 + -5?
1652
In base 10, what is 17 - -5?
22
In base 7, what is -321 + -3?
-324
In base 11, what is 5 + 3019?
3023
In base 10, what is -274 + 4?
-270
In base 9, what is 0 - 7100?
-7100
In base 11, what is 4 + 14?
18
In base 13, what is 17 + 10?
27
In base 13, what is 1b6 + -2?
1b4
In base 13, what is -5 - 1219?
-1221
In base 14, what is -134 - 4?
-138
In base 2, what is 1 + 1111010?
1111011
In base 10, what is -5 + 618?
613
In base 5, what is 10 + -202111?
-202101
In base 10, what is -4 - 327?
-331
In base 13, what is a + -ac?
-a2
In base 10, what is 3 + 1189?
1192
In base 10, what is 417 + 2?
419
In base 2, what is -1100000100 + -1010?
-1100001110
In base 9, what is 18 + -30?
-11
In base 10, what is -2 - -30?
28
In base 10, what is 4 - 41?
-37
In base 13, what is a89 + 11?
a9a
In base 3, what is 101002 - -11?
101020
In base 11, what is -324 - -11?
-313
In base 6, what is -5 + 100?
51
In base 7, what is 4 + 2?
6
In base 16, what is -6 + 3d8?
3d2
In base 8, what is -66 - 53?
-141
In base 13, what is 3 + -114?
-111
In base 8, what is -33 - 5?
-40
In base 16, what is 5 + 24?
29
In base 7, what is 0 - 413?
-413
In base 12, what is -297b - 1?
-2980
In base 11, what is -3 + -451?
-454
In base 11, what is -5 - 1264?
-1269
In base 2, what is -110110 - 1000?
-111110
In base 15, what is -2 - 1e6?
-1e8
In base 12, what is a5a4 + 4?
a5a8
In base 13, what is -1 - bb?
-bc
In base 10, what is 52 - 0?
52
In base 15, what is 3 - e?
-b
In base 6, what is 51 - -430?
521
In base 8, what is 2 + 6535?
6537
In base 2, what is 1000 + -1010?
-10
In base 16, what is -3 + -8?
-b
In base 9, what is -5 - -1222?
1216
In base 2, what is 1011 - 11110?
-10011
In base 2, what is -110111 - -10111110?
10000111
In base 14, what is -4 - -8?
4
In base 12, what is